{"id":466,"date":"2012-02-14T14:24:14","date_gmt":"2012-02-14T12:24:14","guid":{"rendered":"http:\/\/www.andreas-dresen.de\/wordpress\/?page_id=466"},"modified":"2012-02-14T14:24:14","modified_gmt":"2012-02-14T12:24:14","slug":"rezensionen-zu-ava-und-die-stadt-des-schwarzen-engels","status":"publish","type":"page","link":"https:\/\/www.andreas-dresen.de\/wordpress\/?page_id=466","title":{"rendered":"Rezensionen zu &#8222;Ava und die STADT des schwarzen Engels&#8220;"},"content":{"rendered":"<p>Ein paar Stimmen von Lesern, die man auch auf den amazon-Seiten nachlesen kann:<\/p>\n<p>5-Sterne von &#8222;<a href=\"http:\/\/www.amazon.de\/review\/RBXW5GK56BTY2\/ref=cm_cr_pr_perm?ie=UTF8&amp;ASIN=3862820025&amp;nodeID=&amp;tag=&amp;linkCode=\">Kerry<\/a>&#8220;<\/p>\n<blockquote><p>Fantastisch &#8211; das ist das Wort, was mir als erstes in den Sinn kommt, wenn ich an dieses Buch denke. Der Plot ist wunderbar ausgearbeitet und die Handlung sowie alle Wesen der Zwischenwelt der STADT wurden derart farbenfroh und detailreich in Szene gesetzt, ich konnte mir alles jederzeit bildlich vorstellen. Den Schreibstil empfand ich als leicht verst\u00e4ndlich und spannend gehalten, sodass ich das Buch nur ungern aus der Hand gelegt habe. Ganz wunderbar fand ich vor allem die Wandlung Fahrats beschrieben, wie dieser eher faule und tr\u00e4ge Schwertler immer wieder \u00fcber sich hinaus w\u00e4chst, nur um sein Wort gegen\u00fcber Ava zu halten, ihr zu helfen. Ava wurde als sehr willensstark dargestellt, sie war mir sofort sympathisch. Es handelt sich bei diesem Buch um das erste Buch des Autoren, das ich gelesen habe, aber es war bestimmt nicht das letzte! Zumal das Ende durchaus noch Handlungen f\u00fcr einen weiteren Teil bereith\u00e4lt.<\/p><\/blockquote>\n<p>4-Sterne von <a href=\"http:\/\/www.amazon.de\/review\/RTAO9PIW1IQQ6\/ref=cm_cr_pr_perm?ie=UTF8&amp;ASIN=3862820025&amp;nodeID=&amp;tag=&amp;linkCode=\">Marny<\/a><\/p>\n<blockquote><p>Die Menschen in dieser Geschichte sehen nur das, was sie sehen m\u00f6chten &#8211; eine ganz normale Welt. Jedoch existiert noch eine andere Wirklichkeit, in der es Schwerttr\u00e4ger, Krieger, Drachen, Hexen, G\u00f6tter, Magier, Kobolde und andere Wesen gibt. Ava kann diese manchmal sehen &#8211; und sie ist auf der Suche nach ihren zwei Kindern, die auch f\u00fcr das Schicksal der STADT eine wichtige Rolle spielen.<\/p>\n<p>Diese Welt ist &#8222;modern&#8220; und k\u00f6nnte in einer etwas anderen Gegenwart angesiedelt sein, neben Banken und Autos gibt es auch so einige technische M\u00f6glichkeiten. Mir ist es aber nie zu technisch geworden, da es so viele andere Dinge als Ausgleich gibt. Die Mischung wirkt auf mich rund und ist sehr abwechslungsreich.<br \/>\n[&#8230;]<br \/>\nFahrat stand mir vielleicht noch am n\u00e4chsten. Man erf\u00e4hrt einiges \u00fcber seine Familie, au\u00dferdem ist er nicht perfekt und entwickelt sich im Verlauf der Geschichte. Genau wie Ava w\u00e4chst er \u00fcber sich hinaus und erh\u00e4lt einen anderen Blick auf seine Welt. Und mit seiner kulinarischen Leidenschaft hat er mich auch das eine oder andere mal am\u00fcsiert&#8230; [&#8230;]Der Autor arbeitet am zweiten Teil der STADT-Saga, und vielleicht wird ja irgendwann auch die Geschichte von Fahrats Suche nach seinem Gro\u00dfvater erz\u00e4hlt. Gegen ein Wiedersehen mit Meera h\u00e4tte ich da auch nichts einzuwenden&#8230; Ich bin schon gespannt, wie es weitergeht!<\/p>\n<p>[&#8230;] Mir gef\u00e4llt diese andere Welt, in die ich so leicht abtauchen konnte. Die Ideen und Zusammenh\u00e4nge, das Wirken verschiedener Kr\u00e4fte. Und die Art, in der die Ereignisse erz\u00e4hlt werden. In einer klaren und fl\u00fcssigen Sprache, die die verschiedenen Elemente zu einer runden Geschichte verbindet.<\/p><\/blockquote>\n<p>4-Sterne von <a href=\"http:\/\/www.amazon.de\/review\/R3GHFJSTPH0CS8\/ref=cm_cr_pr_perm?ie=UTF8&amp;ASIN=3862820025&amp;nodeID=&amp;tag=&amp;linkCode=\">Saskia<\/a><\/p>\n<blockquote><p>Es gibt kaum ein Buch, von dem ich positiv \u00fcberrascht bin, wie &#8222;Ava und die Stadt des schwarzen Engels&#8220; von Andreas Dresen!<\/p>\n<p>Dresen hat ein besonderes Talent, alte Elemente, neu einzukleiden. So bedarf er sich altbekannten Fantasywesen, zum Beispiel Hexen. Doch Hexen k\u00f6nnen nicht nur fluchen oder halten Sabbats ab. Bei Andreas Dresen beziehen sie ihre Kraft beispielsweise aus einen Machttier &#8211; hier eine Katze. Und ehrlich gesagt, ich dachte nach &#8222;Transformer&#8220; sei ich bewandert, was das Umwandeln von Autos und Trucks angeht&#8230; Aber habt ihr schonmal von einem LKW &#8211; Chim\u00e4ren geh\u00f6rt? Nein? Dann f\u00fchrt euch &#8222;Ava und die Stadt des schwarzen Engels&#8220; zu Gem\u00fcte. : ) Und trotz dieser neuaugelegten bzw. komplett neuen &#8222;Wesen&#8220; bleiben die Charakteren stets authentisch. Nat\u00fcrlich sind auch die restlichen Buchcharakteren klasse. Besonders ist mir Fahrat ans Herz gewachsen! Der junge Schwertler, ein wenig aus der \u00dcbung im F\u00e4hrtenlesen, K\u00e4mpfen und vieles mehr, strotzt er jedoch seiner Angst, Abenteuer gegen\u00fcber und hilft der Protagonistin Ava. Somit hat Andreas Dresen alles gut aufgef\u00fchrt, was eine tolle Geschichte ausmacht. Sympathische Buchcharakteren, erschafft eine eigene (Fantasy-)Welt und befasst sich sogar mit politischen Themen. Ein toller Mix!<\/p><\/blockquote>\n<p>&nbsp;<\/p>\n","protected":false},"excerpt":{"rendered":"<p>Ein paar Stimmen von Lesern, die man auch auf den amazon-Seiten nachlesen kann: 5-Sterne von &#8222;Kerry&#8220; Fantastisch &#8211; das ist das Wort, was mir als erstes in den Sinn kommt, wenn ich an dieses Buch denke. Der Plot ist wunderbar &hellip; <a href=\"https:\/\/www.andreas-dresen.de\/wordpress\/?page_id=466\">Weiterlesen <span class=\"meta-nav\">&rarr;<\/span><\/a><\/p>\n","protected":false},"author":1,"featured_media":0,"parent":440,"menu_order":0,"comment_status":"open","ping_status":"open","template":"","meta":{"ngg_post_thumbnail":0},"_links":{"self":[{"href":"https:\/\/www.andreas-dresen.de\/wordpress\/index.php?rest_route=\/wp\/v2\/pages\/466"}],"collection":[{"href":"https:\/\/www.andreas-dresen.de\/wordpress\/index.php?rest_route=\/wp\/v2\/pages"}],"about":[{"href":"https:\/\/www.andreas-dresen.de\/wordpress\/index.php?rest_route=\/wp\/v2\/types\/page"}],"author":[{"embeddable":true,"href":"https:\/\/www.andreas-dresen.de\/wordpress\/index.php?rest_route=\/wp\/v2\/users\/1"}],"replies":[{"embeddable":true,"href":"https:\/\/www.andreas-dresen.de\/wordpress\/index.php?rest_route=%2Fwp%2Fv2%2Fcomments&post=466"}],"version-history":[{"count":2,"href":"https:\/\/www.andreas-dresen.de\/wordpress\/index.php?rest_route=\/wp\/v2\/pages\/466\/revisions"}],"predecessor-version":[{"id":644,"href":"https:\/\/www.andreas-dresen.de\/wordpress\/index.php?rest_route=\/wp\/v2\/pages\/466\/revisions\/644"}],"up":[{"embeddable":true,"href":"https:\/\/www.andreas-dresen.de\/wordpress\/index.php?rest_route=\/wp\/v2\/pages\/440"}],"wp:attachment":[{"href":"https:\/\/www.andreas-dresen.de\/wordpress\/index.php?rest_route=%2Fwp%2Fv2%2Fmedia&parent=466"}],"curies":[{"name":"wp","href":"https:\/\/api.w.org\/{rel}","templated":true}]}}