{"id":440,"date":"2012-01-29T12:18:19","date_gmt":"2012-01-29T10:18:19","guid":{"rendered":"http:\/\/www.andreas-dresen.de\/wordpress\/?page_id=440"},"modified":"2012-12-07T08:43:13","modified_gmt":"2012-12-07T06:43:13","slug":"ava-und-die-stadt-des-schwarzen-engels","status":"publish","type":"page","link":"https:\/\/www.andreas-dresen.de\/wordpress\/?page_id=440","title":{"rendered":"Ava und die STADT des schwarzen Engels"},"content":{"rendered":"<h2>\n<div id=\"attachment_60\" style=\"width: 145px\" class=\"wp-caption alignleft\"><a title=\"Ava und die STADT des schwarzen Engels\" href=\"http:\/\/amzn.to\/11OTRaN\"><img aria-describedby=\"caption-attachment-60\" decoding=\"async\" loading=\"lazy\" class=\"size-thumbnail wp-image-60\" title=\"Ava und die STADT des schwarzen Engels\" src=\"https:\/\/www.andreas-dresen.de\/wordpress\/wp-content\/uploads\/2011\/04\/h68z3Q-135x150.jpg\" alt=\"Ava und die STADT des schwarzen Engels\" width=\"135\" height=\"150\" \/><\/a><p id=\"caption-attachment-60\" class=\"wp-caption-text\">Ava und die STADT des schwarzen Engels<\/p><\/div>\n<p>Ava und die STADT des schwarzen Engels<\/h2>\n<h3>Ein STADTroman<\/h3>\n<p>Ein Golem mitten in der Stadt, am helllichten Tag \u2013 Fahrat traut seinen Augen nicht. Normale Menschen k\u00f6nnen das Lehm-Wesen nicht sehen, aber selbst f\u00fcr den jungen Schwertler ist das ein besorgniserregender Anblick. Obwohl er normalerweise einen guten Wein jedem Abenteuer vorzieht, folgt er dem Ungeheuer. Und st\u00f6\u00dft auf Ava. Die junge Frau ist offenbar ein gew\u00f6hnlicher Mensch. Aber verst\u00f6rt behauptet sie, ein schwarzer Engel habe ihre neugeborenen Zwillinge geraubt. Doch was sollte ausgerechnet Morton, Vizekanzler des STADTrates und Veranstalter des Hexensabbats, mit zwei Menschenkindern anfangen? Haben die Vorf\u00e4lle etwas mit dem Grauen zu tun, das au\u00dferhalb der STADT lauert?<br \/>\nFahrats Gutm\u00fctigkeit und sein Schwertler-Stolz lassen ihn nicht mehr von Avas Seite weichen. Doch bald wei\u00df der junge Abenteurer nicht mehr, f\u00fcr wen sich eine neue Welt auftut &#8211; f\u00fcr die Menschenfrau Ava, die auf der Suche nach ihren Kindern fluchenden Hexen, LKW-Chim\u00e4ren und lauernden Waldw\u00fcrgern begegnet \u2013 oder f\u00fcr Fahrat, dessen Welt nicht die zu sein scheint, f\u00fcr die er sie immer gehalten hat.<\/p>\n<p>09. Februar 2011<br \/>\n200 S., Paperback<br \/>\n13,5&#215;19,5 cm<br \/>\n12,90 EURO<br \/>\nISBN:\u00a0978-3-86282-002-3<\/p>\n<p>z.B. bei <a href=\"http:\/\/www.amazon.de\/Ava-STADT-schwarzen-Engels-STADTroman\/dp\/3862820025\/ref=ntt_at_ep_dpt_6\">Amazon<\/a><\/p>\n<p>&nbsp;<\/p>\n","protected":false},"excerpt":{"rendered":"<p>Ava und die STADT des schwarzen Engels Ein STADTroman Ein Golem mitten in der Stadt, am helllichten Tag \u2013 Fahrat traut seinen Augen nicht. Normale Menschen k\u00f6nnen das Lehm-Wesen nicht sehen, aber selbst f\u00fcr den jungen Schwertler ist das ein &hellip; <a href=\"https:\/\/www.andreas-dresen.de\/wordpress\/?page_id=440\">Weiterlesen <span class=\"meta-nav\">&rarr;<\/span><\/a><\/p>\n","protected":false},"author":1,"featured_media":0,"parent":190,"menu_order":0,"comment_status":"open","ping_status":"open","template":"","meta":{"ngg_post_thumbnail":0},"_links":{"self":[{"href":"https:\/\/www.andreas-dresen.de\/wordpress\/index.php?rest_route=\/wp\/v2\/pages\/440"}],"collection":[{"href":"https:\/\/www.andreas-dresen.de\/wordpress\/index.php?rest_route=\/wp\/v2\/pages"}],"about":[{"href":"https:\/\/www.andreas-dresen.de\/wordpress\/index.php?rest_route=\/wp\/v2\/types\/page"}],"author":[{"embeddable":true,"href":"https:\/\/www.andreas-dresen.de\/wordpress\/index.php?rest_route=\/wp\/v2\/users\/1"}],"replies":[{"embeddable":true,"href":"https:\/\/www.andreas-dresen.de\/wordpress\/index.php?rest_route=%2Fwp%2Fv2%2Fcomments&post=440"}],"version-history":[{"count":5,"href":"https:\/\/www.andreas-dresen.de\/wordpress\/index.php?rest_route=\/wp\/v2\/pages\/440\/revisions"}],"predecessor-version":[{"id":443,"href":"https:\/\/www.andreas-dresen.de\/wordpress\/index.php?rest_route=\/wp\/v2\/pages\/440\/revisions\/443"}],"up":[{"embeddable":true,"href":"https:\/\/www.andreas-dresen.de\/wordpress\/index.php?rest_route=\/wp\/v2\/pages\/190"}],"wp:attachment":[{"href":"https:\/\/www.andreas-dresen.de\/wordpress\/index.php?rest_route=%2Fwp%2Fv2%2Fmedia&parent=440"}],"curies":[{"name":"wp","href":"https:\/\/api.w.org\/{rel}","templated":true}]}}

<h2>
<div id="attachment_60" style="width: 145px" class="wp-caption alignleft"><a title="Ava und die STADT des schwarzen Engels" href="http://amzn.to/11OTRaN"><img aria-describedby="caption-attachment-60" decoding="async" loading="lazy" class="size-thumbnail wp-image-60" title="Ava und die STADT des schwarzen Engels" src="https://www.andreas-dresen.de/wordpress/wp-content/uploads/2011/04/h68z3Q-135x150.jpg" alt="Ava und die STADT des schwarzen Engels" width="135" height="150" /></a><p id="caption-attachment-60" class="wp-caption-text">Ava und die STADT des schwarzen Engels</p></div>
<p>Ava und die STADT des schwarzen Engels</h2>
<h3>Ein STADTroman</h3>
<p>Ein Golem mitten in der Stadt, am helllichten Tag – Fahrat traut seinen Augen nicht. Normale Menschen können das Lehm-Wesen nicht sehen, aber selbst für den jungen Schwertler ist das ein besorgniserregender Anblick. Obwohl er normalerweise einen guten Wein jedem Abenteuer vorzieht, folgt er dem Ungeheuer. Und stößt auf Ava. Die junge Frau ist offenbar ein gewöhnlicher Mensch. Aber verstört behauptet sie, ein schwarzer Engel habe ihre neugeborenen Zwillinge geraubt. Doch was sollte ausgerechnet Morton, Vizekanzler des STADTrates und Veranstalter des Hexensabbats, mit zwei Menschenkindern anfangen? Haben die Vorfälle etwas mit dem Grauen zu tun, das außerhalb der STADT lauert?<br />
Fahrats Gutmütigkeit und sein Schwertler-Stolz lassen ihn nicht mehr von Avas Seite weichen. Doch bald weiß der junge Abenteurer nicht mehr, für wen sich eine neue Welt auftut &#8211; für die Menschenfrau Ava, die auf der Suche nach ihren Kindern fluchenden Hexen, LKW-Chimären und lauernden Waldwürgern begegnet – oder für Fahrat, dessen Welt nicht die zu sein scheint, für die er sie immer gehalten hat.</p>
<p>09. Februar 2011<br />
200 S., Paperback<br />
13,5&#215;19,5 cm<br />
12,90 EURO<br />
ISBN: 978-3-86282-002-3</p>
<p>z.B. bei <a href="http://www.amazon.de/Ava-STADT-schwarzen-Engels-STADTroman/dp/3862820025/ref=ntt_at_ep_dpt_6">Amazon</a></p>
<p>&nbsp;</p>

<p>Ava und die STADT des schwarzen Engels Ein STADTroman Ein Golem mitten in der Stadt, am helllichten Tag – Fahrat traut seinen Augen nicht. Normale Menschen können das Lehm-Wesen nicht sehen, aber selbst für den jungen Schwertler ist das ein &hellip; <a href="https://www.andreas-dresen.de/wordpress/?page_id=440">Weiterlesen <span class="meta-nav">&rarr;</span></a></p>
