{"id":4,"date":"2011-04-19T15:01:30","date_gmt":"2011-04-19T13:01:30","guid":{"rendered":"http:\/\/www.andreas-dresen.de\/wordpress\/?page_id=4"},"modified":"2012-03-06T16:10:58","modified_gmt":"2012-03-06T14:10:58","slug":"fotos","status":"publish","type":"page","link":"https:\/\/www.andreas-dresen.de\/wordpress\/?page_id=4","title":{"rendered":"Fotos"},"content":{"rendered":"<p>Bitte im Men\u00fc unter &#8222;Fotos&#8220; die gew\u00fcnschte Galerie ausw\u00e4hlen &#8230;<\/p>\n","protected":false},"excerpt":{"rendered":"<p>Bitte im Men\u00fc unter &#8222;Fotos&#8220; die gew\u00fcnschte Galerie ausw\u00e4hlen &#8230;<\/p>\n","protected":false},"author":1,"featured_media":0,"parent":0,"menu_order":0,"comment_status":"open","ping_status":"open","template":"","meta":{"ngg_post_thumbnail":0},"_links":{"self":[{"href":"https:\/\/www.andreas-dresen.de\/wordpress\/index.php?rest_route=\/wp\/v2\/pages\/4"}],"collection":[{"href":"https:\/\/www.andreas-dresen.de\/wordpress\/index.php?rest_route=\/wp\/v2\/pages"}],"about":[{"href":"https:\/\/www.andreas-dresen.de\/wordpress\/index.php?rest_route=\/wp\/v2\/types\/page"}],"author":[{"embeddable":true,"href":"https:\/\/www.andreas-dresen.de\/wordpress\/index.php?rest_route=\/wp\/v2\/users\/1"}],"replies":[{"embeddable":true,"href":"https:\/\/www.andreas-dresen.de\/wordpress\/index.php?rest_route=%2Fwp%2Fv2%2Fcomments&post=4"}],"version-history":[{"count":8,"href":"https:\/\/www.andreas-dresen.de\/wordpress\/index.php?rest_route=\/wp\/v2\/pages\/4\/revisions"}],"predecessor-version":[{"id":534,"href":"https:\/\/www.andreas-dresen.de\/wordpress\/index.php?rest_route=\/wp\/v2\/pages\/4\/revisions\/534"}],"wp:attachment":[{"href":"https:\/\/www.andreas-dresen.de\/wordpress\/index.php?rest_route=%2Fwp%2Fv2%2Fmedia&parent=4"}],"curies":[{"name":"wp","href":"https:\/\/api.w.org\/{rel}","templated":true}]}}