{"id":1042,"date":"2013-11-08T14:14:41","date_gmt":"2013-11-08T12:14:41","guid":{"rendered":"http:\/\/www.andreas-dresen.de\/wordpress\/?page_id=1042"},"modified":"2013-11-08T14:21:40","modified_gmt":"2013-11-08T12:21:40","slug":"zeelandgeschichten","status":"publish","type":"page","link":"https:\/\/www.andreas-dresen.de\/wordpress\/?page_id=1042","title":{"rendered":"Zeelandgeschichten"},"content":{"rendered":"<p><a title=\"Zeelandgeschichten Ebook\" href=\"http:\/\/amzn.to\/16fbllS\" target=\"_blank\"><img decoding=\"async\" loading=\"lazy\" class=\"aligncenter size-medium wp-image-1022\" alt=\"Zeeland_Cover_ebook\" src=\"https:\/\/www.andreas-dresen.de\/wordpress\/wp-content\/uploads\/2013\/10\/Zeeland_Cover_ebook-213x300.jpg\" width=\"213\" height=\"300\" srcset=\"https:\/\/www.andreas-dresen.de\/wordpress\/wp-content\/uploads\/2013\/10\/Zeeland_Cover_ebook-213x300.jpg 213w, https:\/\/www.andreas-dresen.de\/wordpress\/wp-content\/uploads\/2013\/10\/Zeeland_Cover_ebook-728x1024.jpg 728w, https:\/\/www.andreas-dresen.de\/wordpress\/wp-content\/uploads\/2013\/10\/Zeeland_Cover_ebook.jpg 760w\" sizes=\"(max-width: 213px) 100vw, 213px\" \/><\/a><\/p>\n<p style=\"text-align: center;\">&#8222;Zeelandgeschichten &#8211; Sieben mal Meer&#8220;<\/p>\n<p>so lautet der Titel meines neuen E-Books, das im epospresse-Verlag erschienen ist. Nach \u00fcber einem Jahr Arbeit an dem Manuskript und vielen Reisen nach Zeeland und ans Meer, ist es heute ver\u00f6ffentlicht worden.<\/p>\n<blockquote><p>Zeelandgeschichten, sieben Geschichten vom Meer.<\/p>\n<p>Ein typischer Tag im Restaurant \u201eHet zwarte Kwal\u201c, direkt hinter den D\u00fcnen. Viele verschiedene Menschen treffen hier aufeinander, jeder mit einer anderen Geschichte.<br \/>\nDiane tr\u00e4umt von einer verbotenen Liebe und Nicolas von der endg\u00fcltigen Flucht aus dem Alltag. Was mag Rieke in ihrer neugewonnenen Freiheit erwarten? Welche Erinnerungen aus dem zweiten Weltkrieg plagen Hank, den Kneipenbesitzer? Der Hase belustigt die Kinder auf dem Campingplatz und strapaziert gleichzeitig die Nerven eines frischverliebten Paares. Ist Esther eine G\u00f6ttin oder nur eine durchgeknallte Anhalterin? Und mit wem trifft sich die alte Dame Elisabeth abends heimlich am Strand?<br \/>\nGeschichten \u00fcber das Reisen, die Freiheit und \u00fcber die Sehnsucht, \u00fcber das Leben, die Liebe und den Tod. Mal tiefgr\u00fcndig, mal lustig. Aber immer in Zeeland.<\/p><\/blockquote>\n<p>Im Moment ist das E-Book auf <a href=\"http:\/\/amzn.to\/16fbllS\" target=\"_blank\">amazon f\u00fcr den Kindle<\/a> erh\u00e4ltlich, \u00a0die anderen Plattformen <a href=\"http:\/\/www.xinxii.com\/zeelandgeschichten-sieben-mal-meer-p-347593.html\">gibt es hier<\/a>!<\/p>\n<p>Eine gedruckte Version ist in Vorbereitung. Viel Spa\u00df beim Lesen! Ich hoffe, es gef\u00e4llt Euch!<\/p>\n<div class=\"fb-comments\" data-href=\"https:\/\/www.andreas-dresen.de\/wordpress\/?p=1042\" data-width=\"470\" data-num-posts=\"10\"><\/div>\n","protected":false},"excerpt":{"rendered":"<p>&#8222;Zeelandgeschichten &#8211; Sieben mal Meer&#8220; so lautet der Titel meines neuen E-Books, das im epospresse-Verlag erschienen ist. Nach \u00fcber einem Jahr Arbeit an dem Manuskript und vielen Reisen nach Zeeland und ans Meer, ist es heute ver\u00f6ffentlicht worden. Zeelandgeschichten, sieben &hellip; <a href=\"https:\/\/www.andreas-dresen.de\/wordpress\/?page_id=1042\">Weiterlesen <span class=\"meta-nav\">&rarr;<\/span><\/a><\/p>\n","protected":false},"author":3,"featured_media":0,"parent":285,"menu_order":0,"comment_status":"open","ping_status":"open","template":"","meta":{"ngg_post_thumbnail":0},"_links":{"self":[{"href":"https:\/\/www.andreas-dresen.de\/wordpress\/index.php?rest_route=\/wp\/v2\/pages\/1042"}],"collection":[{"href":"https:\/\/www.andreas-dresen.de\/wordpress\/index.php?rest_route=\/wp\/v2\/pages"}],"about":[{"href":"https:\/\/www.andreas-dresen.de\/wordpress\/index.php?rest_route=\/wp\/v2\/types\/page"}],"author":[{"embeddable":true,"href":"https:\/\/www.andreas-dresen.de\/wordpress\/index.php?rest_route=\/wp\/v2\/users\/3"}],"replies":[{"embeddable":true,"href":"https:\/\/www.andreas-dresen.de\/wordpress\/index.php?rest_route=%2Fwp%2Fv2%2Fcomments&post=1042"}],"version-history":[{"count":2,"href":"https:\/\/www.andreas-dresen.de\/wordpress\/index.php?rest_route=\/wp\/v2\/pages\/1042\/revisions"}],"predecessor-version":[{"id":1049,"href":"https:\/\/www.andreas-dresen.de\/wordpress\/index.php?rest_route=\/wp\/v2\/pages\/1042\/revisions\/1049"}],"up":[{"embeddable":true,"href":"https:\/\/www.andreas-dresen.de\/wordpress\/index.php?rest_route=\/wp\/v2\/pages\/285"}],"wp:attachment":[{"href":"https:\/\/www.andreas-dresen.de\/wordpress\/index.php?rest_route=%2Fwp%2Fv2%2Fmedia&parent=1042"}],"curies":[{"name":"wp","href":"https:\/\/api.w.org\/{rel}","templated":true}]}}